rs of o.
2, 23
Suppose 6*a - 2 = 46. Suppose 3*w = a*w - 665. What are the prime factors of w?
7, 19
Suppose 4*r = 3*r - 14. Let h be 4/(-3)*(-48)/(-32). List the prime factors of r*1/4*h.
7
Suppose 3*v + 3720 = 9*v. List the prime factors of v.
2, 5, 31
Let v(r) = -r - 4. Let s be v(-16). Suppose h + 37 + s = 0. Let y = h - -72. What are the prime factors of y?
23
Let h be (-1 - 32)*320/(-30). Let v = h + -592. What are the prime factors of v/(-9) + (-16)/(-12)?
2, 7
Let t(f) be the first derivative of f**4/4 + 3*f**3 + f**2 + 16*f + 29. List the prime factors of t(-7).
2, 5
Let n = -46 - -49. Suppose 809 = 4*z - n*a, 0 = 2*z - 3*z + a + 203. What are the prime factors of z?
2, 5
Let x(m) = -m - 6. Let d(a) = 3*a + 25. Let o(t) = 2*d(t) + 9*x(t). What are the prime factors of o(-5)?
11
Let g be 8/(-14) - (-36)/63. Let x be 10*(g + (-111)/(-6)). Suppose -x = -16*h + 11*h. What are the prime factors of h?
37
Suppose -3*l + 9 = 0, 4*x = -0*x + l - 87. What are the prime factors of 12*x*(-5)/30?
2, 3, 7
Suppose -14*l + 192 = -12*l. Suppose 169 = 5*n - l. List the prime factors of n.
53
Let d(i) = i**2 - 4*i + 15. Let l be d(9). Suppose 3*t = -0*t + l. What are the prime factors of t?
2, 5
What are the prime factors of (-7 + 6/15)/((-1)/365)?
3, 11, 73
Let n(p) = 2*p**3 + 12*p**2 + p - 1. Let j be n(-6). Let l(o) = o**3 + 9*o**2 + 9*o + 5. What are the prime factors of l(j)?
2, 5
Let x = -18 + -80. Let r = -37 - x. List the prime factors of r.
61
Let p(g) = 2049*g + 89. What are the prime factors of p(2)?
53, 79
Let l(y) = 3*y + y**2 - 3*y - 103 + 89. Suppose -5*q + 2*q - 3*u = -24, 2*u + 33 = 5*q. List the prime factors of l(q).
5, 7
Let h(n) = -10 - 4*n**2 + n**3 - 8*n**2 + 2*n**2 - 14*n - 4*n**2. Let l be h(15). Suppose -l*o = -4*s + 88, 6*s - 2*s = o + 88. List the prime factors of s.
2, 11
Suppose -4*f + q + 3552 = 0, -7*q - 5330 = -6*f - 6*q. What are the prime factors of f?
7, 127
Let w = -32 + 55. Suppose 0 = 24*h - w*h. What are the prime factors of (h - 1)/(2/(-58))?
29
Suppose 2*q - q - 15 = 3*a, 2*a + 10 = 2*q. Suppose 12*d - 17*d + 1055 = q. What are the prime factors of d?
211
Let u(m) = 21*m + 27*m**2 - 44*m**2 + 20*m**2 - 8. What are the prime factors of u(-11)?
2, 31
Let p(b) = -6*b**2 - 6*b - 4. Let t be p(-4). Let g = -136 - t. Let c = g - -120. List the prime factors of c.
2, 3, 5
Let p = 87 - -124. Let s = p - 86. What are the prime factors of s?
5
Suppose 5*p - 5*o - 10 = 350, 0 = 5*p - 3*o - 368. Suppose -3*a = -p - 14. What are the prime factors of a?
2, 3, 5
Suppose 8*p = -1648 + 5712. What are the prime factors of p?
2, 127
Suppose -l + 2035 + 809 = 2*d, 0 = -4*d + 2*l + 5696. What are the prime factors of d?
1423
Let w(b) = 94*b + 77. What are the prime factors of w(5)?
547
Let w(s) = 21*s + 13. What are the prime factors of w(4)?
97
Let q(l) be the second derivative of -l**5/20 + l**4/12 + l**3/6 + 41*l**2/2 - 5*l. Let o be q(0). Let u = o + -16. List the prime factors of u.
5
Suppose 2*v - 24 + 10 = 0. What are the prime factors of v/((18/(-87))/(-6))?
7, 29
Let u = -3206 - -4701. Suppose -f - 12*f = -u. What are the prime factors of f?
5, 23
Suppose -5*f - 15 = -g, 2*g - 1 - 5 = -2*f. Let u be 0/2 - (f - -2). What are the prime factors of 16 + -13 - (-12 - u)?
3, 5
Let k = -88 - -487. List the prime factors of k.
3, 7, 19
Let x = -71 - -78. Let p(m) = m**2 + 9*m - 3. What are the prime factors of p(x)?
109
Let p(o) = o**3 + o**2 + o + 20. Let g be p(0). Let h(q) = -q**2 - 19*q + 70. Let b be h(-22). Suppose w = -b*w + g. What are the prime factors of w?
2
Let f = 45 - 63. Let l be (f/(-45))/(1/(-45)). Let k = l - -39. List the prime factors of k.
3, 7
Let a(o) = -o**3 - 2*o - 7 + 6 + 2 + 7*o**2. What are the prime factors of a(5)?
41
Let a be ((-8)/(-5))/(14/35). Suppose 0*t - 3*t = 2*d - 82, 0 = a*t + 8. List the prime factors of d.
2, 11
Let y be 4/(-18) - (-1488)/(-108). Let u be -1 - (-4 + 1*y). Let n = 43 - u. List the prime factors of n.
2, 13
Let v(p) = 2*p**2 - p + 741. What are the prime factors of v(0)?
3, 13, 19
Let n = 2 - -3. Let u(p) = 4*p - 4. Let i be u(n). Suppose i = 2*t - 2*v, -t - 4 = -0*t - 4*v. List the prime factors of t.
2, 3
Suppose 2*v + 4*z + 88 = 0, 147 = -6*v + 3*v - 3*z. Let f be (-3 + 2)/(3/v). Let l = 37 - f. What are the prime factors of l?
19
Let c = -947 + 1621. What are the prime factors of c?
2, 337
Let x = -9 - -12. Suppose 0 = 2*u - 5*l - 40, x*u - 4*l - 100 = -2*u. What are the prime factors of u?
2, 5
Suppose 81 = -3*t + d, 0 = -t - 2*d - 35 + 1. Let g = t - -64. List the prime factors of g.
2, 3
Suppose -5 + 21 = 2*d. Let s(k) = k**3 - 9*k**2 + 20*k - 5. What are the prime factors of s(d)?
7, 13
Let r = -11 + 4. Let o be (2 + 109)*(8 + r). Suppose g = -5*h + 3, 2*h - o = -5*g + h. What are the prime factors of g?
23
Let p(x) = x**3 - 6*x**2 + 4*x + 10. Let y be p(5). Let l(z) = -z**3 + 8*z**2 + 4. What are the prime factors of l(y)?
79
List the prime factors of 589 - -27 - (-16)/2.
2, 3, 13
Let k = -4 - -6. Let t(a) = 2*a**k - 2*a**2 - 9*a**3 + 3*a**3 + a + 1. List the prime factors of t(-1).
2, 3
Let n = -11 + 10. What are the prime factors of n/(-3) + (-3670)/(-15)?
5, 7
Suppose -10*n + 0*n + 180 = 0. List the prime factors of (n - 24)*(-2)/(-4) - -186.
3, 61
Suppose 4*c + 8788 = 2*o, -14 = 4*c - 6. List the prime factors of o.
2, 5, 439
Let i(g) = 116*g + 86. List the prime factors of i(4).
2, 5, 11
List the prime factors of (-4)/(-24) - 43628/(-24).
2, 3, 101
What are the prime factors of 40/(3 + (-4328)/1448)?
2, 5, 181
Let a be 0*-5*5/(-25). Suppose a = -5*f + 780 + 490. List the prime factors of f.
2, 127
Let v(x) = -x**3 + x**2 + x. Let y(l) = -7*l**3 + 16*l**2 - 3*l - 8. Let f(u) = 6*v(u) - y(u). What are the prime factors of f(9)?
2
Let d(s) = 4*s**3 - 2*s**2 - s - 1. Let w(t) = 5*t**3 - 7 + 6 - 3*t**2 + 0*t**2. Let c(z) = -4*d(z) + 3*w(z). List the prime factors of c(-3).
7
Suppose -4*b + 2*o + 15206 = 2058, -3*b - 4*o = -9839. List the prime factors of b.
3, 5, 73
Let z(g) = 13*g**2 + g + 285. List the prime factors of z(-15).
3, 5, 71
Let z be 1332/(-12)*5/(-3). Suppose -3*a + 6 - z = 2*b, 271 = -3*b - 2*a. Let w = -29 - b. List the prime factors of w.
2, 31
Let t(q) = 79*q + 76. List the prime factors of t(10).
2, 433
Suppose -5*p - 15 + 40 = 0. Suppose -p*a - 7*b + 762 = -4*b, -4*a + 4*b + 584 = 0. What are the prime factors of a?
2, 3, 5
Let n = 60 + -33. Suppose 65*f - 424 + 34 = 0. Suppose -f*g = n - 141. List the prime factors of g.
19
Suppose -2*g - 9*y + 5*y = -6, 4*g - y - 21 = 0. Suppose -3*i + 2*d = -634, 2*d - 538 = -g*i + 492. What are the prime factors of i?
2, 13
Suppose -19*g + 2*c - 21420 = -23*g, -3*g = -3*c - 16074. List the prime factors of g.
2, 13, 103
Let t = -11 - -15. Suppose 0 = -h + 4*h + t*d + 52, 5*h = -2*d - 82. List the prime factors of -1 - (4 + h/2).
3
Let a(l) = 2*l**3 + l**2 - 4*l + 3. Let o be a(2). Let v = -13 + o. Suppose -v*h - 2*h = -128. What are the prime factors of h?
2
Suppose n - 2*n - 4*z - 40 = 0, 5*n - 2*z = -90. Let s be 249/(-15) + 2/(-5). Let t = s - n. List the prime factors of t.
3
Suppose 0 = -5*d - q + 5*q + 20, 4*q = 0. List the prime factors of -1 + (d - (4 - 95)).
2, 47
Suppose -6*k + 1234 = -3038. What are the prime factors of k?
2, 89
Suppose 0 = -3*w + 4*h + 7 - 1, -9 = w - 5*h. Suppose 0 = -w*l + 2*l, k - 3*l = 18. Let u = k + -11. What are the prime factors of u?
7
Suppose 0 = -2*s + 5*u + 875, 2*s = -0*u - 5*u + 905. List the prime factors of s.
5, 89
What are the prime factors of (1726 + -42 + (1 - 1))*1?
2, 421
Suppose 0 = s + 2, -2060 = -4*a + 3*s + s. List the prime factors of a.
3, 19
Let x = -23 - -29. Suppose -5*n - 20 = -x*n. What are the prime factors of n/(-25) - (-239)/5?
47
Suppose -4*w = 3*l - 3 + 34, -2*l - 4*w = 22. Let j = l - -13. Let z(d) = 2*d**3 - 6*d**2 + 5*d - 5. What are the prime factors of z(j)?
47
Let g(l) = 3*l**2 + 4*l - 10. List the prime factors of g(-17).
3, 263
Let x = 17028 + -11987. What are the prime factors of x?
71
Suppose 0 = 2*u - 122 - 26. What are the prime factors of u?
2, 37
Let t = -140 - -167. Let k = t + 39. List the prime factors of k.
2, 3, 11
Let x = 207 + -94. Let r = x - 25. What are the prime factors of r?
2, 11
Let m(l) = 4*l**2 - 15*l - 24. Le